{"id":499,"date":"2024-09-09T09:18:21","date_gmt":"2024-09-09T09:18:21","guid":{"rendered":"https:\/\/mofilms.eisenpar.com\/movie\/errance-sans-retour-5"},"modified":"2026-01-20T14:30:00","modified_gmt":"2026-01-20T14:30:00","slug":"at-their-height","status":"publish","type":"movie","link":"https:\/\/mofilms.ca\/en\/films\/at-their-height","title":{"rendered":"At their height"},"content":{"rendered":"<h2><span style=\"font-size: 16px;\">Synopsys<\/span><\/h2>\n<p data-start=\"1003\" data-end=\"1344\">A film about childhood and parenthood, <em data-start=\"1044\" data-end=\"1061\">At Their Height<\/em>\u2014winner of the prestigious Jean-Marc-Vall\u00e9e Award and closing film of FCVQ 2024\u2014is a true ode to childhood, to its beauty and its magic. Now parents, filmmakers Olivier Higgins and M\u00e9lanie Carrier take us into the world of their children, where everything remains to be discovered.<\/p>\n<p data-start=\"1346\" data-end=\"1730\">Little B\u00e9atrice\u2014who does not want to grow up\u2014throws open the door to her imagination, while her older brother \u00c9mile, just learning to read and write, wonders whether atoms are alive. Filmed over nearly four years, at school and at home, and blending child-level cin\u00e9ma v\u00e9rit\u00e9, observational filmmaking, and poetic narration, this cinematic journey invites us to pause and reflect. What do we lose as we grow older? What stories do we hope to pass on above all else? Through these questions, the film offers a deep reflection on intergenerational transmission, education, early learning, and the identity we build\u2014and pass on\u2014from one generation to the next.<\/p>\n<h2><span style=\"font-size: 16px;\">Crew<\/span><\/h2>\n<p>Written, directed et produced by: Olivier Higgins et M\u00e9lanie Carrier<br \/>\nIn collaboration with \u00c9mile Higgins et B\u00e9atrice Higgins<br \/>\nDirection of photography: Olivier Higgins<br \/>\nEditing: Olivier Higgins et Ren\u00e9 Caron<br \/>\nColoring: \u00c9ric Denis<br \/>\nInfography: Simon Beaudry<br \/>\nSound designer: Pierre-Jules Audet<br \/>\nSound mixer: Luc Boudrias<br \/>\nMusic: Philippe Brault<\/p>\n<p>&nbsp;<\/p>\n","protected":false},"excerpt":{"rendered":"<p>Through an intimate documentary process spanning four years, this film observes childhood at eye level, within a family of filmmakers. Winner of the Jean-Marc-Vall\u00e9e Award, it offers a thoughtful reflection on transmission, parenthood, and how we pass on our ways of seeing and telling the world to future generations.<\/p>\n","protected":false},"featured_media":1647,"template":"","class_list":["post-499","movie","type-movie","status-publish","has-post-thumbnail","hentry"],"acf":[],"_links":{"self":[{"href":"https:\/\/mofilms.ca\/en\/wp-json\/wp\/v2\/movie\/499","targetHints":{"allow":["GET"]}}],"collection":[{"href":"https:\/\/mofilms.ca\/en\/wp-json\/wp\/v2\/movie"}],"about":[{"href":"https:\/\/mofilms.ca\/en\/wp-json\/wp\/v2\/types\/movie"}],"wp:featuredmedia":[{"embeddable":true,"href":"https:\/\/mofilms.ca\/en\/wp-json\/wp\/v2\/media\/1647"}],"wp:attachment":[{"href":"https:\/\/mofilms.ca\/en\/wp-json\/wp\/v2\/media?parent=499"}],"curies":[{"name":"wp","href":"https:\/\/api.w.org\/{rel}","templated":true}]}}

<h2><span style="font-size: 16px;">Synopsys</span></h2>
<p data-start="1003" data-end="1344">A film about childhood and parenthood, <em data-start="1044" data-end="1061">At Their Height</em>—winner of the prestigious Jean-Marc-Vallée Award and closing film of FCVQ 2024—is a true ode to childhood, to its beauty and its magic. Now parents, filmmakers Olivier Higgins and Mélanie Carrier take us into the world of their children, where everything remains to be discovered.</p>
<p data-start="1346" data-end="1730">Little Béatrice—who does not want to grow up—throws open the door to her imagination, while her older brother Émile, just learning to read and write, wonders whether atoms are alive. Filmed over nearly four years, at school and at home, and blending child-level cinéma vérité, observational filmmaking, and poetic narration, this cinematic journey invites us to pause and reflect. What do we lose as we grow older? What stories do we hope to pass on above all else? Through these questions, the film offers a deep reflection on intergenerational transmission, education, early learning, and the identity we build—and pass on—from one generation to the next.</p>
<h2><span style="font-size: 16px;">Crew</span></h2>
<p>Written, directed et produced by: Olivier Higgins et Mélanie Carrier<br />
In collaboration with Émile Higgins et Béatrice Higgins<br />
Direction of photography: Olivier Higgins<br />
Editing: Olivier Higgins et René Caron<br />
Coloring: Éric Denis<br />
Infography: Simon Beaudry<br />
Sound designer: Pierre-Jules Audet<br />
Sound mixer: Luc Boudrias<br />
Music: Philippe Brault</p>
<p>&nbsp;</p>

<p>Through an intimate documentary process spanning four years, this film observes childhood at eye level, within a family of filmmakers. Winner of the Jean-Marc-Vallée Award, it offers a thoughtful reflection on transmission, parenthood, and how we pass on our ways of seeing and telling the world to future generations.</p>
